{"id":3606,"date":"2015-10-21T13:56:47","date_gmt":"2015-10-21T12:56:47","guid":{"rendered":"https:\/\/www.arbre-vengeur.fr\/wp-content\/uploads\/2015\/10\/LE-TEMPS-DES-LIBRAIRES-11.mp3"},"modified":"2015-10-21T13:56:56","modified_gmt":"2015-10-21T12:56:56","slug":"le-temps-des-libraires-2","status":"inherit","type":"attachment","link":"https:\/\/www.arbre-vengeur.fr\/?attachment_id=3606","title":{"rendered":"LE TEMPS DES LIBRAIRES"},"author":5,"featured_media":0,"comment_status":"closed","ping_status":"closed","template":"","meta":[],"class_list":["post-3606","attachment","type-attachment","status-inherit","hentry"],"description":{"rendered":"<audio class=\"wp-audio-shortcode\" id=\"audio-3606-1\" preload=\"none\" style=\"width: 100%;\" controls=\"controls\"><source type=\"audio\/mpeg\" src=\"https:\/\/www.arbre-vengeur.fr\/wp-content\/uploads\/2015\/10\/LE-TEMPS-DES-LIBRAIRES-11.mp3?_=1\" \/><a href=\"https:\/\/www.arbre-vengeur.fr\/wp-content\/uploads\/2015\/10\/LE-TEMPS-DES-LIBRAIRES-11.mp3\">https:\/\/www.arbre-vengeur.fr\/wp-content\/uploads\/2015\/10\/LE-TEMPS-DES-LIBRAIRES-11.mp3<\/a><\/audio>\n<p><i>LE TEMPS DES LIBRAIRES<\/i> tir\u00e9 de <i>LE TEMPS DES LIBRAIRES<\/i> par Christophe Ono-Dit-Biot. Date de sortie&nbsp;: 2015. Genre&nbsp;: Podcast<\/p>\n"},"caption":{"rendered":"<p>https:\/\/www.arbre-vengeur.fr\/wp-content\/uploads\/2015\/10\/LE-TEMPS-DES-LIBRAIRES-11.mp3 LE TEMPS DES LIBRAIRES tir\u00e9 de LE TEMPS DES LIBRAIRES par Christophe Ono-Dit-Biot. Date de sortie&nbsp;: 2015. Genre&nbsp;: Podcast<\/p>\n"},"alt_text":"","media_type":"file","mime_type":"audio\/mpeg","media_details":{"dataformat":"mp3","channels":2,"sample_rate":44100,"bitrate":128000,"channelmode":"joint stereo","bitrate_mode":"cbr","lossless":false,"encoder_options":"CBR128","compression_ratio":0.09070294784580499,"fileformat":"mp3","filesize":5517440,"mime_type":"audio\/mpeg","length":"00h05m21s","length_formatted":"5:21","album":"LE TEMPS DES LIBRAIRES","copyright_message":"Radio France","url_file":"http:\/\/www.franceculture.fr\/emission-le-temps-des-libraires-le-temps-des-libraires-2015-10-14","encoded_by":"Radio France","date":"14.10.2015","recording_dates":"14.10.2015","artist":"Christophe Ono-Dit-Biot","comment":"dur\u00e9e  00h05m21s - par Christophe Ono-Dit-Biot - r\u00e9alis\u00e9 par Somany NA","unsynchronised_lyric":"dur\u00e9e  00h05m21s - par Christophe Ono-Dit-Biot - r\u00e9alis\u00e9 par Somany NA","genre":"Podcast","title":"LE TEMPS DES LIBRAIRES","subtitle":"\u00c9mission du 14.10.2015","year":"2015","release_time":"2015-10-14T08:57:00Z","image":{"mime":"image\/jpeg","width":1400,"height":1400},"sizes":{}},"post":3603,"source_url":"https:\/\/www.arbre-vengeur.fr\/wp-content\/uploads\/2015\/10\/LE-TEMPS-DES-LIBRAIRES-11.mp3","_links":{"self":[{"href":"https:\/\/www.arbre-vengeur.fr\/index.php?rest_route=\/wp\/v2\/media\/3606","targetHints":{"allow":["GET"]}}],"collection":[{"href":"https:\/\/www.arbre-vengeur.fr\/index.php?rest_route=\/wp\/v2\/media"}],"about":[{"href":"https:\/\/www.arbre-vengeur.fr\/index.php?rest_route=\/wp\/v2\/types\/attachment"}],"author":[{"embeddable":true,"href":"https:\/\/www.arbre-vengeur.fr\/index.php?rest_route=\/wp\/v2\/users\/5"}],"replies":[{"embeddable":true,"href":"https:\/\/www.arbre-vengeur.fr\/index.php?rest_route=%2Fwp%2Fv2%2Fcomments&post=3606"}],"wp:attached-to":[{"embeddable":true,"post_type":"post","id":3603,"href":"https:\/\/www.arbre-vengeur.fr\/index.php?rest_route=\/wp\/v2\/posts\/3603"}],"curies":[{"name":"wp","href":"https:\/\/api.w.org\/{rel}","templated":true}]}}

<audio class="wp-audio-shortcode" id="audio-3606-1" preload="none" style="width: 100%;" controls="controls"><source type="audio/mpeg" src="https://www.arbre-vengeur.fr/wp-content/uploads/2015/10/LE-TEMPS-DES-LIBRAIRES-11.mp3?_=1" /><a href="https://www.arbre-vengeur.fr/wp-content/uploads/2015/10/LE-TEMPS-DES-LIBRAIRES-11.mp3">https://www.arbre-vengeur.fr/wp-content/uploads/2015/10/LE-TEMPS-DES-LIBRAIRES-11.mp3</a></audio>
<p><i>LE TEMPS DES LIBRAIRES</i> tiré de <i>LE TEMPS DES LIBRAIRES</i> par Christophe Ono-Dit-Biot. Date de sortie&nbsp;: 2015. Genre&nbsp;: Podcast</p>

<p>https://www.arbre-vengeur.fr/wp-content/uploads/2015/10/LE-TEMPS-DES-LIBRAIRES-11.mp3 LE TEMPS DES LIBRAIRES tiré de LE TEMPS DES LIBRAIRES par Christophe Ono-Dit-Biot. Date de sortie&nbsp;: 2015. Genre&nbsp;: Podcast</p>

durée  00h05m21s - par Christophe Ono-Dit-Biot - réalisé par Somany NA

Émission du 14.10.2015
